e 12, what is 2b3 + -4?
2ab
In base 13, what is 12 + 1a?
2c
In base 14, what is 1b - 3?
18
In base 2, what is -10 + 10100101?
10100011
In base 14, what is -13 - -18d?
17a
In base 6, what is -12144 - 4?
-12152
In base 10, what is 144 + 21?
165
In base 14, what is -27 + 181?
158
In base 4, what is 10 + -122?
-112
In base 8, what is 233 - -3?
236
In base 13, what is 33 - -5?
38
In base 8, what is 611 - 21?
570
In base 10, what is -3 + 1?
-2
In base 11, what is -16 - 870?
-886
In base 12, what is -207 + 6?
-201
In base 7, what is -2 + -4?
-6
In base 10, what is 2 + 11?
13
In base 11, what is a + 1?
10
In base 14, what is -4c + -d?
-5b
In base 15, what is 383 - -2?
385
In base 7, what is 511 + -5?
503
In base 12, what is 5b1a + 2?
5b20
In base 15, what is 5251 + -3?
524d
In base 2, what is -110111010101 - 100?
-110111011001
In base 12, what is -345 + -5?
-34a
In base 12, what is 4 + 6?
a
In base 16, what is eb + -5?
e6
In base 9, what is 3 - 775?
-772
In base 2, what is -1101 + -11?
-10000
In base 10, what is 1 - 1080?
-1079
In base 3, what is -1210 - 10000?
-11210
In base 5, what is -10031 - -32?
-4444
In base 3, what is -200 + -111?
-1011
In base 9, what is -45 + 20?
-25
In base 2, what is 1111 - -1000011?
1010010
In base 2, what is -11010 + -110001011?
-110100101
In base 14, what is 3 + -1c?
-19
In base 9, what is -3 + -2383?
-2386
In base 8, what is 6 - -36?
44
In base 8, what is -3 + -1040?
-1043
In base 5, what is -11 - -14?
3
In base 15, what is 3e + -3?
3b
In base 10, what is 2 + -219?
-217
In base 5, what is -110 + 3?
-102
In base 3, what is -102 + 100100?
22221
In base 12, what is 17 + -29?
-12
In base 5, what is -1 - -4134?
4133
In base 9, what is 2041 + 2?
2043
In base 3, what is -21200 - -1020?
-20110
In base 12, what is -4393 + 3?
-4390
In base 2, what is -10010000 + -110?
-10010110
In base 12, what is -10 - 7?
-17
In base 11, what is -120 - 5?
-125
In base 12, what is 3593 - 0?
3593
In base 14, what is 5 - -2a4?
2a9
In base 9, what is -1087 - 8?
-1106
In base 11, what is 3 + -a5?
-a2
In base 5, what is -133 - 0?
-133
In base 12, what is 5a09 + 4?
5a11
In base 14, what is 105 + -5?
100
In base 13, what is 2bc + -3?
2b9
In base 6, what is -3 + 133?
130
In base 8, what is -257 + 4?
-253
In base 11, what is 243 - 5?
239
In base 11, what is 15a + -20?
13a
In base 5, what is 14 - -313?
332
In base 15, what is 4 - 33?
-2e
In base 11, what is -2 + -18?
-1a
In base 8, what is -12 - 25?
-37
In base 11, what is -1 + 267?
266
In base 4, what is 20 - 211?
-131
In base 3, what is -12011101 - -2?
-12011022
In base 11, what is -6191 - 3?
-6194
In base 7, what is 102 - 0?
102
In base 14, what is -3 - -18?
15
In base 15, what is -5 + 4b?
46
In base 5, what is -2 - -3423?
3421
In base 15, what is -4 + -2?
-6
In base 4, what is -123 + 123?
0
In base 10, what is 4 - -101?
105
In base 7, what is -4 + 54?
50
In base 5, what is -4413 + 10?
-4403
In base 15, what is -118 - 2?
-11a
In base 14, what is c5 - 3?
c2
In base 6, what is 1355 + 13?
1412
In base 7, what is -55134 - -5?
-55126
In base 12, what is 2923 - -2?
2925
In base 13, what is 655 - 3?
652
In base 16, what is -60 - -7?
-59
In base 16, what is 3 - -4?
7
In base 5, what is 204 - -2?
211
In base 4, what is -1 + 1200?
1133
In base 6, what is 5 + 10522?
10531
In base 16, what is -3 - -2?
-1
In base 16, what is -5 + -1aa?
-1af
In base 7, what is -21 - -1353?
1332
In base 14, what is -c3 + -4?
-c7
In base 5, what is 14 + -2312?
-2243
In base 5, what is 10 + 241?
301
In base 3, what is 102221112 + 10?
102221122
In base 3, what is 201221 - 11?
201210
In base 10, what is 501 + 3?
504
In base 11, what is 2 + -41?
-3a
In base 6, what is -2 - -105?
103
In base 10, what is -18 + -112?
-130
In base 7, what is -52 - -24?
-25
In base 2, what is 10 + 100001100?
100001110
In base 2, what is 1000 + 1?
1001
In base 8, what is 2 - 53?
-51
In base 12, what is 6b + 4b?
ba
In base 11, what is 5 - -88?
92
In base 11, what is -7 - 301?
-308
In base 12, what is -560 - 3?
-563
In base 3, what is 212212 - 21?
212121
In base 8, what is 3 + -61?
-56
In base 14, what is c + b1?
bd
In base 3, what is 1211 - 1100?
111
In base 7, what is 1 - -41?
42
In base 16, what is -7e - -1?
-7d
In base 10, what is -4 - -2146?
2142
In base 11, what is -a + 9?
-1
In base 6, what is -2 - -1115?
1113
In base 5, what is -1341 - -132?
-1204
In base 12, what is -1 + 910?
90b
In base 2, what is 1111011 - 101?
1110110
In base 12, what is 0 + -156?
-156
In base 9, what is 3782 + 4?
3786
In base 6, what is -4 + 1330?
1322
In base 5, what is 11 - 34423?
-34412
In base 14, what is -96 + 3?
-93
In base 6, what is -4 - -4101?
4053
In base 3, what is -1 + -102?
-110
In base 12, what is 827 + -5?
822
In base 5, what is 41 - 4?
32
In base 10, what is 255 + 42?
297
In base 14, what is 3 + 62c?
631
In base 6, what is -1 + -5013?
-5014
In base 16, what is -4 + -c?
-10
In base 15, what is -1a9 - 23?
-1cc
In base 2, what is -101 + -1101000010001?
-1101000010110
In base 13, what is 20 + 0?
20
In base 10, what is 3 - 175?
-172
In base 9, what is 0 - -87?
87
In base 10, what is 127 + -3?
124
In base 12, what is -160 - 2?
-162
In base 11, what is 75 - a7?
-32
In base 7, what is 526 - 4?
522
In base 16, what is 1 + 2a?
2b
In base 10, what is -4 - -661?
657
In base 13, what is 5c - 1?
5b
In base 3, what is -2 + 1101?
1022
In base 8, what is 70 + -12?
56
In base 11, what is -2 + 61?
5a
In base 12, what is 83 + 0?
83
In base 2, what is -100 + 1011110011?
1011101111
In base 2, what is -10 - -10011011?
10011001
In base 16, what is 0 + 15?
15
In base 9, what is 12 - -454?
466
In base 4, what is 202 - -1230?
2032
In base 6, what is 5 - -1022?
1031
In base 10, what is 10 - 179?
-169
In base 4, what is -110321 - -1?
-110320
In base 5, what is -13244 + -2?
-13301
In base 7, what is -25 + 0?
-25
In base 4, what is -11 - 103130?
-103201
In base 14, what is -4 + -34?
-38
In base 4, what is 100 - -30?
130
In base 12, what is 0 + -29?
-29
In base 2, what is -10 + -1000111?
-1001001
In base 9, what is -3 - 17?
-21
In base 8, what is 0 + 27?
27
In base 5, what is 3114 - -4?
3123
In base 12, what is 11 + 71?
82
In base 13, what is 4 + 994?
998
In base 6, what is -4 + -334?
-342
In base 16, what is -2f - -8?
-27
In base 2, what is 10011111 + -1?
10011110
In base 10, what is 0 - -1043?
1043
In base 3, what is 12121 + 1?
12122
In base 10, what is -1 + -72?
-73
In base 8, what is -1436 + -6?
-1444
In base 14, what is 200 - -1?
201
In base 9, what is 13 + 21?
34
In base 7, what is 1564 + 12?
1606
In base 10, what is 5418 + -1?
5417
In base 7, what is 12 + 22?
34
In base 12, what is -12b + -4?
-133
In base 4, what is 1 - 103301?
-103300
In base 13, what is 0 - 700?
-700
In base 12, what is 5 - -b?
14
In base 6, what is -15 - -1554?
1535
In base 9, what is -187 - -7?
-180
In base 3, what is -100 - -1120?
1020
In base 6, what is 11 - -52?
103
In base 12, what is -71 - -8?
-65
In base 2, what is 110111011 - 1?
110111010
In base 11, what is 200 - 3?
1a8
In base 13, what is 3 - -44?
47
In base 13, what is 2 - -41?
43
In base 4, what is -22 - 3101?
-3123
In base 16, what is -1 + -40?
-41
In base 8, what is -13 - 22?
-35
In base 14, what is 0 - 3a?
-3a
In base 7, what is 3 - 152?
-146
In base 16, what is -29c - 5?
-2a1
In base 12, what is 97 - 19?
7a
In base 7, what is -216 - -4?
-212
In base 12, what is 4 - 43?
-3b
In base 14, what is -1c87 + -4?
-1c8b
In base 15, what is -1 + 36?
35
In base 2, what is 110111011 - -100?
110111111
In base 4, what is 13221 - 3?
13212
In base 3, what is -121 - -2?
-112
In base 13, what is 2 + 47?
49
In base 16, what is -10 - -1?
-f
In base 6, what is 13503 - 3?
13500
In base 10, what is 42 + -2?
40
In base 9, what is -1010 + -2?
-1012
In base 9, what is -1175 + -6?
-1182
In base 3, what is 0 - 1111?
-1111
In base 10, what is 2469 + 5?
2474
In base 10, what is 949 + -2?
947
In base 15, what is 39 + 4?
3d
In base 10, what is 252 - -2?
254
In base 8, what is 41 + -34?
5
In base 15, what is 0 - be7?
-be7
In base 15, what is 9 + -3?
6
In base 14, what is -3 + 1711?
170c
In base 16, what is 259 + -1?
258
In base 15, what is ab - -11?
bc
In base 12, what is -5 + 867?
862
In base 9, what is 4002 + -10?
3882
In base 2, what is 101 - -1011010000?
1011010101
In base 8, what i